 48709?
0
What is the hundreds digit of 4537?
5
What is the hundreds digit of 82110?
1
What is the tens digit of 1094?
9
What is the tens digit of 19209?
0
What is the hundreds digit of 3734?
7
What is the units digit of 9717?
7
What is the ten thousands digit of 38285?
3
What is the thousands digit of 1505?
1
What is the thousands digit of 8148?
8
What is the units digit of 51527?
7
What is the hundreds digit of 3345?
3
What is the ten thousands digit of 20674?
2
What is the thousands digit of 44790?
4
What is the thousands digit of 1561?
1
What is the ten thousands digit of 19513?
1
What is the thousands digit of 45272?
5
What is the hundreds digit of 34279?
2
What is the units digit of 412?
2
What is the ten thousands digit of 14692?
1
What is the tens digit of 51603?
0
What is the tens digit of 750?
5
What is the hundreds digit of 1997?
9
What is the units digit of 163?
3
What is the units digit of 8974?
4
What is the units digit of 138?
8
What is the thousands digit of 11521?
1
What is the thousands digit of 6804?
6
What is the units digit of 51383?
3
What is the thousands digit of 90689?
0
What is the thousands digit of 9316?
9
What is the hundreds digit of 440?
4
What is the tens digit of 309?
0
What is the hundreds digit of 6126?
1
What is the units digit of 9846?
6
What is the tens digit of 37048?
4
What is the hundreds digit of 1285?
2
What is the units digit of 5158?
8
What is the units digit of 68091?
1
What is the tens digit of 2453?
5
What is the thousands digit of 1375?
1
What is the hundreds digit of 2363?
3
What is the units digit of 4339?
9
What is the tens digit of 982?
8
What is the units digit of 211?
1
What is the tens digit of 23390?
9
What is the tens digit of 60284?
8
What is the units digit of 4988?
8
What is the ten thousands digit of 30692?
3
What is the ten thousands digit of 12984?
1
What is the tens digit of 10034?
3
What is the thousands digit of 1058?
1
What is the hundred thousands digit of 136535?
1
What is the units digit of 13607?
7
What is the units digit of 962?
2
What is the tens digit of 2754?
5
What is the thousands digit of 3728?
3
What is the hundreds digit of 135999?
9
What is the units digit of 2961?
1
What is the units digit of 1009?
9
What is the tens digit of 34460?
6
What is the hundreds digit of 894?
8
What is the thousands digit of 12665?
2
What is the tens digit of 13695?
9
What is the tens digit of 4662?
6
What is the thousands digit of 3579?
3
What is the hundreds digit of 5604?
6
What is the hundreds digit of 17447?
4
What is the hundreds digit of 2304?
3
What is the tens digit of 230?
3
What is the units digit of 1173?
3
What is the ten thousands digit of 129248?
2
What is the thousands digit of 8171?
8
What is the hundreds digit of 6915?
9
What is the hundreds digit of 53224?
2
What is the ten thousands digit of 91337?
9
What is the hundreds digit of 3270?
2
What is the units digit of 393?
3
What is the hundreds digit of 2241?
2
What is the tens digit of 4494?
9
What is the thousands digit of 20258?
0
What is the ten thousands digit of 75568?
7
What is the units digit of 82581?
1
What is the thousands digit of 1349?
1
What is the hundreds digit of 515?
5
What is the thousands digit of 43106?
3
What is the thousands digit of 1541?
1
What is the tens digit of 9997?
9
What is the units digit of 68?
8
What is the units digit of 688?
8
What is the units digit of 10869?
9
What is the hundreds digit of 2932?
9
What is the tens digit of 28420?
2
What is the thousands digit of 13172?
3
What is the tens digit of 13312?
1
What is the thousands digit of 100743?
0
What is the hundreds digit of 11332?
3
What is the thousands digit of 1060?
1
What is the hundreds digit of 18765?
7
What is the hundreds digit of 209?
2
What is the units digit of 62687?
7
What is the units digit of 80827?
7
What is the units digit of 1470?
0
What is the tens digit of 888?
8
What is the thousands digit of 6244?
6
What is the hundreds digit of 5999?
9
What is the tens digit of 772?
7
What is the tens digit of 19952?
5
What is the units digit of 661?
1
What is the tens digit of 20372?
7
What is the units digit of 20438?
8
What is the thousands digit of 5056?
5
What is the units digit of 44448?
8
What is the thousands digit of 18104?
8
What is the ten thousands digit of 10354?
1
What is the ten thousands digit of 155913?
5
What is the units digit of 14950?
0
What is the hundreds digit of 4496?
4
What is the hundreds digit of 3068?
0
What is the ten thousands digit of 12185?
1
What is the hundreds digit of 2341?
3
What is the thousands digit of 1480?
1
What is the thousands digit of 18669?
8
What is the tens digit of 38400?
0
What is the units digit of 75592?
2
What is the units digit of 1127?
7
What is the hundreds digit of 182?
1
What is the hundreds digit of 6524?
5
What is the units digit of 977?
7
What is the units digit of 66546?
6
What is the ten thousands digit of 64705?
6
What is the tens digit of 13337?
3
What is the tens digit of 1646?
4
What is the tens digit of 11131?
3
What is the hundreds digit of 3641?
6
What is the units digit of 6889?
9
What is the hundreds digit of 1456?
4
What is the tens digit of 3323?
2
What is the tens digit of 12985?
8
What is the units digit of 178621?
1
What is the units digit of 564?
4
What is the units digit of 40771?
1
What is the units digit of 6399?
9
What is the hundreds digit of 22639?
6
What is the tens digit of 5978?
7
What is the ten thousands digit of 25854?
2
What is the hundreds digit of 57857?
8
What is the ten thousands digit of 41749?
4
What is the units digit of 1442?
2
What is the hundreds digit of 2839?
8
What is the hundreds digit of 1802?
8
What is the thousands digit of 12449?
2
What is the hundreds digit of 1861?
8
What is the tens digit of 187?
8
What is the tens digit of 11247?
4
What is the tens digit of 38378?
7
What is the units digit of 191785?
5
What is the thousands digit of 27350?
7
What is the tens digit of 158078?
7
What is the hundreds digit of 142055?
0
What is the hundreds digit of 365?
3
What is the tens digit of 25457?
5
What is the thousands digit of 37048?
7
What is the thousands digit of 1323?
1
What is the units digit of 75998?
8
What is the ten thousands digit of 22512?
2
What is the hundreds digit of 7072?
0
What is the units digit of 2584?
4
What is the tens digit of 3809?
0
What is the ten thousands digit of 79854?
7
What is the units digit of 2834?
4
What is the tens digit of 28051?
5
What is the units digit of 4047?
7
What is the tens digit of 1158?
5
What is the thousands digit of 2776?
2
What is the tens digit of 2016?
1
What is the hundreds digit of 3748?
7
What is the tens digit of 273?
7
What is the thousands digit of 1923?
1
What is the tens digit of 24114?
1
What is the hundreds digit of 593?
5
What is the ten thousands digit of 12837?
1
What is the units digit of 93397?
7
What is the units digit of 1922?
2
What is the tens digit of 5487?
8
What is the thousands digit of 1156?
1
What is the hundreds digit of 19311?
3
What is the units digit of 49523?
3
What is the hundreds digit of 32065?
0
What is the units digit of 1590?
0
What is the units digit of 31214?
4
What is the ten thousands digit of 38723?
3
What is the hundreds digit of 270?
2
What is the units digit of 38?
8
What is the units digit of 2567?
7
What is the tens digit of 17380?
8
What is the units digit of 4572?
2
What is the thousands digit of 3691?
3
What is the units digit of 22925?
5
What is the thousands digit of 38056?
8
What is the tens digit of 4172?
7
What is the units digit of 10901?
1
What is the tens digit of 78600?
0
What is the tens digit of 5385?
8
What is the units digit of 977?
7
What is the units digit of 4178?
8
What is the tens digit of 427?
2
What is the thousands digit of 40442?
0
What is the tens digit of 4431?
3
What is the tens digit of 11457?
5
What is the tens digit of 4113?
1
What is the thousands digit of 1633?
1
What is the units digit of 13401?
1
What is the hundreds digit of 168?
1
What is the hundreds digit of 6907?
9
What is the hundreds digit of 2748?
7
What is the tens digit of 4180?
8
What is the ten thousands digit of 43921?
4
What is the thousands digit of 12719?
2
What is the hundreds digit of 15319?
3
What is the hundreds 